7
Let x(l) be the second derivative of 8*l + 4/3*l**3 + 0 - 1/6*l**4 - 2*l**2. Give x(5).
-14
Let z(y) = y**2 + 4*y + 1. Let l = -9 + 5. Let w = -8 - l. Determine z(w).
1
Let c(t) = t**2 + 7*t + 1. Suppose 3*n + 7 + 17 = 0. What is c(n)?
9
Let f = 2 + 3. Let l be (-2)/8 + (-25)/(-4). Let p(b) = b**2 - l + b - 6*b + 0*b**2. Determine p(f).
-6
Let s(o) = -283 - 4*o + 283. Determine s(2).
-8
Suppose 5*x - 16 - 9 = 0. Let w(j) = 2*j - 3. Determine w(x).
7
Let h(a) = a**3 - 7*a**2 + a - 1. Suppose 0 = 5*k - f + 3*f - 35, 7 = k - 2*f. Give h(k).
6
Let s = -11 - 1. Let y be 1/((-2)/s) + -3. Let i(a) = 3*a - 1. Determine i(y).
8
Suppose 2*c - 8 = -4*y - y, 0 = 2*c + 2*y - 2. Let b be 2/((3/c)/(-6)). Let j(g) = 0*g + 6 - g**2 - g**3 + 2*g - b*g**2. Give j(-5).
-4
Let h be (-105)/18 - (-1)/(-6). Let x be 4/(-3)*h/4. Suppose x*s = 5*w - 3, -5*w - s = 2*s - 8. Let l(o) = -3*o + 1. Determine l(w).
-2
Let b(i) be the third derivative of i**5/120 + i**4/24 + i**3/3 + i**2. Let w(q) be the first derivative of b(q). Let o = 3 - 1. What is w(o)?
3
Let n(q) be the first derivative of -q**2/2 + 5*q - 16. What is n(10)?
-5
Let u = 19 + -15. Let v(y) = -y**2 + 3*y + 2. Give v(u).
-2
Let b = 18 + -14. Let n(p) = -p - 1. Let c(u) = u**2 - 6*u - 6. Let z(l) = c(l) - 3*n(l). Determine z(b).
1
Let m(p) = p**3 - 4*p**2 + 3*p - 1. Let i(w) = -3. Let l(n) = n - 14. Let q(g) = 11*i(g) - 2*l(g). Let y be q(-4). Calculate m(y).
-1
Let s = 54 + -55. Let r(q) = 3*q - 1. What is r(s)?
-4
Let s(o) be the second derivative of o**5/20 - o**4/4 - o**3/6 - o**2/2 - o. Suppose 5*g + 5*y - 27 = y, 12 = 5*g - y. Give s(g).
-4
Suppose c + 11 = 5*z, -4*z + 0 + 10 = -2*c. Suppose z*q + q = 6. Let r(b) = -b**2 + 2*b**2 + q + 0*b**2 - 5*b + 2. Give r(5).
4
Let y(q) = 6*q**2 + 2*q - 1. Let j be 3/4 + 27/(-4). Let o = -5 - j. What is y(o)?
7
Let g(i) = -i**2 - 1 - 3 + 2*i**2 + 0. What is g(-3)?
5
Let w(f) be the first derivative of -f**4 + 4*f**3/3 - 2*f + 1. Let u(a) = -9*a**3 + 9*a**2 - 4. Let h(o) = -3*u(o) + 7*w(o). Let g = -4 + 4. What is h(g)?
-2
Let c(z) = z**3 + 5*z**2 + 3*z - 5. Let f be c(-4). Let n(y) = y + 5. Let r be n(-4). Let b(s) = -2*s + r + 2*s**3 - s**2 + 3 - 5. Give b(f).
-2
Let d(h) = -4*h**3 + h**2 + h + 1. Suppose -5*b - r + 3*r = 11, -5*r + 20 = -5*b. Calculate d(b).
5
Let l(o) = 3*o - 5. Let u(w) = w - 2. Let j(f) = -3*l(f) + 7*u(f). Give j(2).
-3
Let y(c) = 5*c + 7. Let g(o) = -7*o - 8. Let q(p) = -3*g(p) - 4*y(p). What is q(6)?
2
Let u(t) = t + t**2 - t + 7 - 7*t + t. Let c(z) = z**2 + 5. Let s be c(5). Let d be 3/(-2)*s/(-9). Determine u(d).
2
Let s(p) = 2*p + 2. Let m(u) = -4*u - 3. Let n(k) = 3*m(k) + 5*s(k). Calculate n(2).
-3
Let u be -2 + 0 + 1 + -1. Let c(m) be the first derivative of -3*m**2/2 - 3*m + 5. Calculate c(u).
3
Suppose -4 = 4*g + 3*c, -2*g - 2*c = 2*g + 4. Let n(v) = -2 - 5*v + 1 + 0. Give n(g).
4
Let y(a) = -2*a - 1. Let w(u) = u**2 + 4*u + 4. Let m be w(-5). Let b = -6 + m. What is y(b)?
-7
Let m(l) = -13*l + 7*l + 1 + 5*l - 4*l**3. Give m(1).
-4
Let j be 3*(2/(-3) - -1). Suppose -2*i - j = -i. Let r(x) = x + 1. Determine r(i).
0
Let c(k) be the third derivative of -4*k**2 + 0 - 1/60*k**5 + 0*k + 1/3*k**3 + 1/24*k**4. Suppose 3*h - 4*j = -1, 4*h = -3*j - 21 + 3. What is c(h)?
-10
Let i(p) = -p**3 - p**2 + 2. Let b = 1 + 2. Suppose -7*k + 16 = -b*k. Suppose 0 = 5*a + k*t - 12, 0*t = -3*t + 9. What is i(a)?
2
Let v = -6 - -5. Let q(w) be the third derivative of w**6/120 - w**4/24 + 2*w**2. What is q(v)?
0
Let u(a) = 2*a - 3. Let t be u(4). Suppose 0 = -4*g + t*g. Let k(y) = y. Let z(c) = 5*c. Let j(p) = -6*k(p) + z(p). Give j(g).
0
Suppose g = 3 - 4. Let v(u) = 3*u**2 + 6*u - 3. Let x(j) = 3*j**2 + 7*j - 4. Let i(o) = 5*v(o) - 4*x(o). What is i(g)?
2
Let d(a) = -a. Let z be d(-12). Let q be z/(-18) + (-13)/3. Let i(o) = o**3 + 4*o**2 - 6*o - 6. What is i(q)?
-1
Let k(i) = -i**2 - 2*i + 4. Suppose 3*y = 2*y + 1. Suppose -y = 3*l - 4*a, -3*l + 3 - 10 = -a. Determine k(l).
1
Let y(z) = -z**2 - 6*z - 5. Let b be -2 - (0 - -1)*2. Let r be y(b). Let a(u) = 4*u**3 + 2*u - 3*u**3 - 3*u - 1 - u - 2*u**2. What is a(r)?
2
Let u(h) = -h**3 + 6*h**2 - h + 2. Let o be u(6). Let f(r) = 11*r + r**3 + 5 - 2*r**2 - 8*r + 5*r**2 - 6*r. Calculate f(o).
1
Let d(k) = -k - 3. Let y = -10 + 14. Suppose -y*s - 21 = 5*n, 0 = 2*n - 3*n - 4*s - 1. Determine d(n).
2
Suppose 0*t = t + 2. Let q(s) = s**3 - 8*s**2 + s - 5. Let u be q(9). Let h(w) = u - 2*w - 85. What is h(t)?
4
Let y(v) = -2*v + 7. Let h be -25*7/((-105)/6). Let n = -5 + h. Give y(n).
-3
Let o(q) be the third derivative of q**8/6720 + q**7/360 + q**5/120 - q**4/4 + 5*q**2. Let x(t) be the second derivative of o(t). What is x(-7)?
1
Let y(l) be the third derivative of l**4/24 + l**3/6 - 9*l**2. Calculate y(0).
1
Let g(v) = v**3 + 4*v**2 - 1. Let j be (0 - -5)*6/(-15). Let o be j/(-7) - 141/(-21). Suppose -b - 7 - 2 = 3*t, 4*t = -3*b - o. Calculate g(t).
-1
Let q(r) = 3*r**3 - 9*r**2 + 13*r + 1. Let z(n) = 4*n**3 - 13*n**2 + 19*n + 2. Let k(x) = 7*q(x) - 5*z(x). Determine k(-4).
-19
Let y = 18 - 23. Let q(c) = -c**2 + c - 1. Let o(n) = 3*n**2 + 2*n - 5. Let t(d) = o(d) + 2*q(d). Determine t(y).
-2
Let q(d) = 9 - 23 + d + 7. What is q(6)?
-1
Suppose -2*x = 3*x. Let n(s) = s**2 - 12. Calculate n(x).
-12
Let p(l) = -2*l + 1. Let v(r) = r**2 - 4*r - 3. Let q be v(4). Determine p(q).
7
Suppose 2 = -156*m + 154*m. Let i(c) = -c**2 - c - 1. What is i(m)?
-1
Let g(i) = 2*i**2 + 5*i + 4. Let b be 3/(-6) + (-5)/(-2). Let p = b + 5. Let k be (-1)/(-2) - p/2. Determine g(k).
7
Let d(f) = 2 - 2*f - 3*f**2 + 0*f - f**3 - 5. Let s(w) = -w**3 + w**2 - 2*w + 3. Let a be s(2). Let n = a + 3. Determine d(n).
-3
Let u(o) = 5*o**2 - 15*o + 2. Let t(n) = n**2 - n. Let v(l) = 4*t(l) - u(l). Determine v(10).
8
Let j(u) be the first derivative of -13*u**2/2 - u - 3. Let h = 8 + -2. Let z(n) = -27*n - 2. Let f(s) = h*z(s) - 13*j(s). Calculate f(-1).
-6
Let j(g) = -5*g**3 + 4*g**3 - g + 3 + 0*g**3 + 6*g**2. Let b(l) = -l**2 + 9*l + 8. Let w be b(8). Let o = w + -10. What is j(o)?
-3
Suppose -2*w = -3*r, w - 3*w = 5*r. Suppose w*q - 16 = 4*q. Let s(n) = 2*n**2 + 5*n - 2. Determine s(q).
10
Let l(z) be the third derivative of -z**5/20 - z**4/8 - 5*z**2. Let m(g) = -g**3 - g. Let t be (-3)/(-12) - 3/(-4). Let h be m(t). Determine l(h).
-6
Let n be 0 - 12/(-3)*1. Suppose -g - n = -6. Suppose -2*r = 2*x - 5*r + 20, -g*x + 8 = 4*r. Let o(k) = k**3 + 4*k**2 + k - 3. Give o(x).
-7
Let c(h) = -3 - 9*h + 3 + 3 + 11*h. Give c(-2).
-1
Let g(x) = 5*x**2 - 1. Let r(p) = -p**3 + 4*p**2 - 3*p + 4. Let h be r(3). Suppose -3*k - 1 = -2*k - l, h*k - l = 2. Give g(k).
4
Let h(r) be the first derivative of -17*r**3/3 - r**2/2 - r - 14. Give h(-1).
-17
Let b(a) = -a**3 + 3*a**2 - 3*a + 4. Let o(i) = -i + 12. Let v be o(7). Suppose -v*f = 5*y - 35, 22 = 2*f - 3*y + y. Let g be (f/12)/(1/4). Calculate b(g).
-5
Let i(h) = h**2 + 7*h - 5. Let c = 57 - 63. What is i(c)?
-11
Suppose 0 = -2*m + 2 - 8. Let h(g) = 10 - 6*g - 5*g**2 - 1 - g**3 - 7 + 3*g. Give h(m).
-7
Let h(q) = -2*q**2 - 3*q. Let b(t) = -t**2 + t + 1. Let p(x) = 7*x**2 - 2*x - 4. Let s(d) = 6*b(d) + p(d). Let m be s(-5). Let i = -10 + m. Calculate h(i).
-9
Let r(d) = d**2 - d. Let q be 2/(-3) + 20/(-6). Let j be 8 - 2/q*-4. Let t(n) = 7*n**2 - 9*n - 2. Let s(o) = j*r(o) - t(o). Give s(4).
-2
Let a(z) = -z + 1. Let w be a(4). Let x(i) be the first derivative of i**3/3 + 2*i**2 - 7. Determine x(w).
-3
Let t(r) = r**2. Let c(v) = -3*v - 3. Let d be c(0). Give t(d).
9
Suppose 4*o + 2*y = -22, -3*y = -o + 4*o + 24. Let t be (-2)/o - (-60)/18. Let p(z) = z - 2. Calculate p(t).
2
Let i(a) = -6*a + 1. Let o(g) = -5*g + 1. Let w(v) = -3*i(v) + 4*o(v). Calculate w(2).
-3
Let f(k) = k**2 + 7*k. Let b(p) = -1. Let r(g) = g - 3. Let a(h) = 2*b(h) + r(h). Let w be a(0). Determine f(w).
-10
Let o(r) = -r - 1. Let n(l) = -2*l. Suppose -6*h + h - 5*b + 10 = 0, 0 = 5*h - 4*b + 35. Let k be n(h). Determine o(k).
-7
Let n(k) = k + 1. Let a(p) = -4*p - 5. Let y(m) = -a(m) - 5*n(m). What is y(-1)?
1
Let u(f) be the third derivative of -f**4/4 - f**3/6 + 8*f**2. Determine u(2).
-13
Let o(s) = s**3 - 6*s**2 + 4*s. Let w be o(5). Let i(p) = 7*p**2 + 5*p + 0*p + 0*p - 6*p**2. Give i(w).
0
Let f = -57 + 90. Suppose -4*w - 4*j 